base 3) in base 2?
-111010001010
3b1 (base 12) to base 8
1065
What is -23124 (base 5) in base 13?
-9b0
cd1 (base 16) to base 6
23105
What is -2002233 (base 4) in base 3?
-102110220
What is -55150 (base 9) in base 5?
-2132301
Convert 10687 (base 10) to base 15.
3277
What is -2150 (base 10) in base 14?
-ad8
Convert 2013 (base 7) to base 16.
2b8
Convert 51500 (base 8) to base 2.
101001101000000
Convert 14133 (base 6) to base 10.
2217
56 (base 10) to base 7
110
Convert 2404 (base 5) to base 3.
111010
Convert -21684 (base 9) to base 14.
-5377
-1732 (base 14) to base 8
-10100
-141b (base 15) to base 7
-15353
Convert 2331023 (base 4) to base 5.
341412
Convert -42024 (base 5) to base 6.
-20444
11123 (base 9) to base 16
1ce0
-11111 (base 9) to base 7
-30343
Convert -1000011110111 (base 2) to base 11.
-3299
-1441 (base 6) to base 2
-110000001
Convert 187c (base 13) to base 6.
24524
Convert -105 (base 12) to base 6.
-405
-147 (base 10) to base 11
-124
-652 (base 14) to base 15
-583
What is -6626 (base 12) in base 13?
-5184
What is -253 (base 10) in base 4?
-3331
What is 7158 (base 9) in base 3?
21011222
887 (base 10) to base 8
1567
3303143 (base 5) to base 8
156541
Convert -11010011000 (base 2) to base 13.
-9cb
2106 (base 11) to base 9
3738
45de (base 15) to base 9
22312
What is e706 (base 15) in base 10?
48831
Convert -1221022 (base 3) to base 10.
-1412
-1545 (base 7) to base 9
-760
-1114 (base 6) to base 7
-523
-1233 (base 4) to base 12
-93
Convert -111210 (base 3) to base 6.
-1420
What is -1001110100 (base 2) in base 3?
-212021
Convert 12121 (base 5) to base 4.
32033
Convert 1515 (base 6) to base 11.
340
762 (base 14) to base 16
5b2
What is -402213 (base 5) in base 4?
-3020020
Convert -210a (base 13) to base 6.
-33101
240123 (base 5) to base 11
666a
What is 2927 (base 10) in base 6?
21315
Convert 422 (base 10) to base 11.
354
923 (base 13) to base 11
118a
21432 (base 5) to base 9
2037
-40520 (base 6) to base 13
-25a7
What is 7c9 (base 16) in base 9?
2654
Convert -101011011 (base 2) to base 10.
-347
-101101 (base 2) to base 6
-113
Convert 21102210 (base 3) to base 2.
1010100101101
Convert -5626 (base 16) to base 2.
-101011000100110
1424 (base 5) to base 12
17b
Convert -2c2 (base 16) to base 2.
-1011000010
11022020 (base 3) to base 15
de3
Convert -278 (base 15) to base 9.
-685
Convert -128 (base 12) to base 9.
-215
Convert -9191 (base 11) to base 9.
-17655
a5 (base 13) to base 15
90
Convert -119 (base 14) to base 15.
-e9
-111001010 (base 2) to base 8
-712
What is 845 (base 10) in base 4?
31031
What is a30 (base 16) in base 5?
40413
6c3d (base 16) to base 5
1341314
What is -3c27 (base 16) in base 8?
-36047
-4104 (base 5) to base 16
-211
What is 10024 (base 5) in base 9?
780
-3255 (base 6) to base 14
-3bd
What is 11335 (base 6) in base 14?
855
What is -135661 (base 8) in base 9?
-72817
Convert -857 (base 11) to base 5.
-13110
What is -414 (base 12) in base 3?
-210221
Convert 7224 (base 8) to base 9.
5106
Convert -80c (base 15) to base 11.
-13a8
-2655 (base 10) to base 3
-10122100
What is 8a (base 14) in base 2?
1111010
Convert -1898 (base 14) to base 16.
-115e
-100206 (base 7) to base 11
-11784
What is -2787 (base 9) in base 12?
-1274
531 (base 7) to base 2
100001011
What is 101101110001 (base 2) in base 11?
2223
-1120221201 (base 3) to base 9
-46851
30c (base 14) to base 11
4a6
Convert 525 (base 10) to base 12.
379
What is -11134 (base 9) in base 12?
-434a
What is -2232 (base 8) in base 7?
-3302
2254 (base 6) to base 10
538
Convert -2135 (base 8) to base 10.
-1117
Convert 34a7 (base 15) to base 14.
410a
What is -1032 (base 7) in base 5?
-2431
-11011001111111 (base 2) to base 8
-33177
Convert -113105 (base 6) to base 3.
-111101112
What is a20 (base 13) in base 11?
1320
-12119 (base 10) to base 13
-5693
-23712 (base 9) to base 5
-1002022
Convert 1121324 (base 5) to base 14.
751c
Convert -1c46 (base 14) to base 16.
-1426
Convert 4411 (base 5) to base 15.
2a6
Convert 72a3 (base 16) to base 6.
343511
Convert -111000111111 (base 2) to base 6.
-24515
What is -7382 (base 10) in base 9?
-11112
Convert 3712 (base 9) to base 6.
20445
What is -26105 (base 7) in base 4?
-1230002
What is -2818 (base 10) in base 2?
-101100000010
41331 (base 5) to base 9
3647
Convert -4 (base 7) to base 16.
-4
What is -14e (base 16) in base 3?
-110101
Convert 104414 (base 5) to base 4.
322112
What is -111010 (base 2) in base 3?
-2011
-2111121 (base 3) to base 9
-2447
-656 (base 16) to base 9
-2202
Convert 39c (base 13) to base 8.
1174
-25201 (base 6) to base 10
-3745
Convert -134321 (base 5) to base 15.
-19c6
-1038 (base 9) to base 7
-2141
What is 1003123 (base 4) in base 16?
10db
b0 (base 14) to base 10
154
Convert -2422 (base 5) to base 6.
-1402
-268 (base 12) to base 13
-224
d58 (base 15) to base 13
14a5
101010001 (base 2) to base 15
177
Convert -1110010110001 (base 2) to base 7.
-30262
What is -100302 (base 5) in base 11?
-2451
-10011010111 (base 2) to base 3
-1200220
Convert 310202 (base 4) to base 13.
16b8
Convert 2249 (base 11) to base 6.
21405
Convert 61a (base 15) to base 5.
21000
Convert 111000100 (base 2) to base 4.
13010
-41330 (base 6) to base 11
-4174
Convert 54 (base 9) to base 6.
121
Convert 3350 (base 7) to base 6.
5335
1013310 (base 4) to base 3
20022020
Convert -1000010100 (base 2) to base 8.
-1024
What is 19276 (base 11) in base 16?
6941
Convert 120 (base 12) to base 7.
330
Convert 216b (base 13) to base 7.
16364
Convert 23113 (base 7) to base 3.
22002011
Convert 10111000 (base 2) to base 8.
270
-a7 (base 14) to base 7
-300
Convert -12212 (base 5) to base 11.
-778
What is -153341 (base 6) in base 15?
-46c7
What is 1101001001 (base 2) in base 10?
841
-1870 (base 12) to base 7
-11433
What is -1000221 (base 3) in base 8?
-1362
25d (base 16) to base 5
4410
What is 110111100011011 (base 2) in base 14?
a519
-2110010 (base 3) to base 4
-123321
What is -1053 (base 6) in base 3?
-100020
Convert 3665 (base 7) to base 9.
1782
Convert -7979 (base 11) to base 6.
-120324
Convert 50315 (base 6) to base 13.
3008
Convert -cbd (base 16) to base 7.
-12336
What is 20d (base 14) in base 10?
405
Convert 3166 (base 9) to base 8.
4430
What is -1253 (base 7) in base 4?
-13133
What is 2950 (base 11) in base 12?
2252
-243456 (base 7) to base 3
-2021000120
Convert -5237 (base 9) to base 14.
-1585
What is -1031203 (base 4) in base 11?
-3802
Convert 386 (base 15) to base 9.
1080
11 (base 5) to base 9
6
What is -5364 (base 10) in base 8?
-12364
8709 (base 11) to base 14
429a
Convert 2130010 (base 4) to base 9.
14627
41 (base 9) to base 4
211
What is -10010 (base 4) in base 15?
-125
What is 6c7c (base 14) in base 7?
106115
-9333 (base 13) to base 5
-1122242
Convert -673 (base 9) to base 11.
-462
What is -3001 (base 4) in base 14?
-db
Convert 11000100001 (base 2) to base 15.
6e9
What is -1452 (base 9) in base 12?
-778
-12b71 (base 15) to base 8
-165064
20221333 (base 4) to base 8
105177
Convert a93 (base 14) to base 10.
2089
Convert 45054 (base 6) to base 10.
6298
Convert -2032 (base 10) to base 16.
-7f0
Convert 14026 (base 9) to base 8.
22435
-257d (base 14) to base 3
-100000200
Convert -324 (base 11) to base 6.
-1445
Convert 128aa (base 11) to base 9.
27204
What is 12320 (base 8) in base 9?
7270
-664 (base 12) to base 9
-1254
What is -16103 (base 7) in base 14?
-1903
Convert 31277 (base 8) to base 11.
9840
Convert 1110113 (base 5) to base 10.
19408
What is 1361 (base 7) in base 10?
533
-23201 (base 4) to base 15
-342
What is 9513 (base 10) in base 3?
111001100
What is -254555 (base 6) in base 14?
-85cb
730 (base 8) to base 15
217
What is -a07 (base 11) in base 12?
-855
Convert -7802 (base 10) to base 16.
-1e7a
Convert 2c35 (base 14) to base 6.
100303
30f7 (base 16) to base 5
400120
What is -1201100022 (base 3) in base 9?
-51308
Convert 125b (base 15) to base 8.
7507
1000000010 (base 2) to base 7
1333
-42341 (base 5) to base 11
-2158
Convert 2a8 (base 12) to base 9.
512
1720 (base 9) to base 14
69c
What is 7c4 (base 15) in base 16?
6df
Convert -492 (base 11) to base 13.
-360
-21111 (base 4) to base 15
-29c
111110011 (base 2) to base 10
499
Convert -2fb (base 16) to base 7.
-2140
Convert 7675 (base 8) to base 5.
112104
Convert 3be (base 16) to base 11.
7a1
What is 570 (base 9) in base 10?
468
W